alse
Suppose -7*i + 4*i = 75. Let d be 1 - (4 + -2) - -227. Let f = d + i. Is f prime?
False
Let b(t) = -19*t**2 - 4*t - 51. Let v(o) = -19*o**2 - 3*o - 51. Let f(c) = -3*b(c) + 2*v(c). Is f(-14) composite?
False
Suppose 2*f - 39042 = -3*l, 4*l = -2*f + 42504 + 9550. Let c = l - 5805. Is c a composite number?
False
Let g(k) = 43*k**2 - 7*k + 7. Let j be (18/(-4) - (-5)/10) + 2. Let n be 0 + (j/(-4))/(7/(-84)). Is g(n) prime?
True
Suppose 2*c = -3*n + 9, 2*c + 2*n + 10 = 6*c. Is 81 + -1 + c/(-3) a prime number?
True
Let o = -14515 - -321594. Is o a prime number?
True
Suppose 5*w - 10 = 0, 26*z - 4*w = 23*z + 80863. Is z composite?
True
Let z(c) = 64*c**3 - 11*c**2 + 33*c + 23. Is z(7) a prime number?
False
Suppose 201 = -5*r + 216. Is (-9878)/(-3) + (r - 6)/(-9) a composite number?
True
Let q(x) = 32531*x - 140. Let j be q(8). Suppose 8*h + 76804 = j. Is h a prime number?
False
Let z(p) = -105*p**3 + 113*p + 1483. Is z(-13) a prime number?
False
Let z = 609282 + -403465. Is z composite?
False
Is 47/(423/754884) - (9 + -2) a composite number?
False
Let h(s) = 4*s**3 + 7*s**2 + 63*s - 47. Is h(40) prime?
False
Let i = 1246 + 729. Let g = -1188 + i. Is g a prime number?
True
Suppose -58*g + 48*g = -180. Suppose -g*y + 16*y = -16286. Is y composite?
True
Let t = -77 + 105. Let j(r) = -2*r**3 + 62*r**2 - 7*r - 11. Is j(t) a composite number?
True
Let t(v) = 837*v**2 - 1. Let n be t(1). Let c be -3*(968/(-96) + 2)*4. Let j = n - c. Is j composite?
False
Let m = 38 + -70. Let s = -38 - m. Let c(j) = 10*j**2 - 5*j + 17. Is c(s) a prime number?
False
Let t = -160655 + 357354. Is t prime?
True
Suppose 2*h + 0 = 6, -1 = -q + 2*h. Let t(z) = -24*z**2 - 13*z - 15. Let y(d) = 25*d**2 + 14*d + 15. Let j(a) = -4*t(a) - 3*y(a). Is j(q) prime?
False
Let c(f) = -65*f**3 - 9*f**2 - 97*f - 266. Is c(-17) a prime number?
True
Let p(n) = -n**3 + 7*n**2 + 7*n + 10. Let a be p(8). Suppose a*v = v + 3663. Suppose -2*c = -6*q + q - v, -1809 = -c - 2*q. Is c prime?
False
Let r = -277220 - -498193. Is r a prime number?
True
Let u(n) be the first derivative of -310*n**2 + 51*n + 37. Is u(-7) a prime number?
True
Let q(w) = -w**2 + 44*w + 197. Let m be q(49). Is ((-32)/m)/(4/31566) prime?
True
Is 5/6*(-912034944)/(-2880) prime?
True
Suppose 16*t - 30141144 = -5*f, 5*t - 7*f + 12*f - 9419135 = 0. Is t a composite number?
True
Is (7508111/52)/((-44)/16 + 3) prime?
True
Let x(u) = -16*u**3 - 2*u**2 + 7*u + 9. Let p be x(-4). Let m = -594 + p. Is m a composite number?
False
Let f(b) = 6*b**2 + 37*b - 29. Let p be f(-7). Suppose 9*x - 4*l = p*x + 49233, 3*x - 2*l - 49233 = 0. Is x a prime number?
True
Let r(i) = 27*i - 20. Suppose -3*d = -3*z + 27, -d - 24 = -2*z - 2*z. Let h = d - -13. Is r(h) composite?
False
Let x be (15 - 9)*(2 + (-6)/4). Suppose -x*s + 2*g + 6 = -g, 5*s + g - 10 = 0. Is -769*-1*(3 - s) a prime number?
True
Let p(v) = 11*v**2 - 114*v + 37. Is p(12) prime?
False
Let f(y) be the first derivative of -5*y**3/3 - y**2 - y + 15. Let c be f(-1). Is (-277)/(-2) - 2/c prime?
True
Is (-4)/(-18) - (-47515485)/513 composite?
False
Suppose 17*h - 339845 + 88896 = 789638. Is h a prime number?
True
Suppose 2*q + 2*b - 8 = 0, 6*q - 2*q = -2*b + 14. Let w be (-26)/13*10/4 + q. Is 1502/4*(-4)/w prime?
True
Is (-2)/(-2 - 27060/(-13535)) composite?
False
Let k(x) = 3*x + 2. Let c be k(12). Let q = 994 - 958. Suppose 0 = -q*h + c*h - 8818. Is h a composite number?
False
Suppose 18*q + 312066 = 18*q + 18*q. Is q a composite number?
True
Suppose -44 = 5*d - 9. Let r = d + 11. Suppose 1192 = r*z - 2404. Is z a prime number?
False
Let d(h) = -136*h - 394. Let f(t) = -47*t - 131. Let b(i) = -6*d(i) + 17*f(i). Is b(16) a prime number?
True
Let l(d) = d**3 - 3*d**2 + 3*d + 6. Let w be l(3). Let r(g) = -g + 19. Let x be r(w). Suppose 0 = a - 5, 0 = y + x*a - 3*a - 564. Is y a composite number?
True
Suppose -3*a + 4*s = 2*a + 72351, s - 14470 = a. Let l = a + 37747. Is l/10 - (6/5)/2 a composite number?
True
Let r = 325 - 325. Suppose 10*z - 2545 - 3285 = r. Is z a prime number?
False
Let h = 184 + -185. Is (h/(-5))/((-7)/(-76265)) prime?
True
Let c(n) = -26868*n**2 - 11*n + 5. Let f be c(3). Is 3*3*f/(-360) a prime number?
False
Suppose m - 15363 = 4*y, m - y - y = 15355. Is m prime?
False
Is 3/(-24)*-12*(2 - (-1157744)/21) prime?
True
Let i(n) = n**3 + 6*n**2 + 35*n - 1. Suppose 13 = -3*r + 43. Is i(r) a composite number?
False
Suppose -111617 = 13*n + 603331. Let g = -25231 - n. Is g prime?
False
Let f(x) = -x**3 + 23*x**2 - 2*x - 13. Let j be f(17). Suppose -13090 = -7*q + j. Is q a prime number?
True
Let t be (-118)/(-16) + (-57)/152. Suppose 3*g = t*g - 79604. Is g composite?
True
Suppose -10953088 = -25*m - 29*m - 10*m. Is m a prime number?
False
Suppose -1248 = -41*t + 43*t. Let u = t - -9751. Is u a prime number?
True
Let j be ((-216)/60)/((-1)/205). Let m = 3241 - j. Is m composite?
False
Suppose -2*y - 4*v + 3 - 7 = 0, -2*y - v = -2. Suppose -u + 42 = 4*x, 3*x - 44 = -y*x + 3*u. Let f(k) = 5*k**2 - 3*k + 9. Is f(x) prime?
True
Suppose -21*s = -23*s + 12. Suppose p = -s*p + 28. Suppose -2073 = -5*v + p*y, -7*v + 5*v - 3*y + 820 = 0. Is v a prime number?
False
Is 5/15*(-113249727)/(-93) a composite number?
True
Let o(r) = 59*r**2 - 8*r + 5. Let j = -5 + 9. Let b be o(j). Suppose -2*k + 2*q = -393 - b, -2*q + 2644 = 4*k. Is k a prime number?
True
Suppose 15*s - 15925 = -10*s. Suppose 4*n - 4153 = -s. Is n composite?
True
Let f = -459829 - -643916. Is f a composite number?
False
Let y be -28*(-7)/((-196)/(-20447)). Suppose -13*j + 20*j - y = 0. Is j prime?
False
Let b(u) = -u**3 - 2*u**2 + 3*u + 5. Let a be b(-2). Let h be 4/14*a + 230/70. Suppose 3*s = 5*o + 4078, o = -h*s + 462 + 3622. Is s a composite number?
False
Suppose 14*v - 12623 = 20291. Let u = v + 1410. Is u composite?
False
Let w = -20 - -17. Let l be 553 + w/6 + 2/4. Suppose l = 7*z - 1344. Is z prime?
True
Suppose -y - a + 109636 = 0, 2*a = -5*y + 67711 + 480478. Suppose 28210 - y = -3*v. Is v prime?
True
Suppose g - 1 = -3*i, -3 = 4*i + 1. Let l be (4 + (-18)/g)*-4. Suppose 3*c = -4*w + 1397, -l*c + 6*w - 4*w = -922. Is c composite?
False
Let f be (-1*1)/((-11)/110). Suppose -f*c - 10*c = -282140. Is c a prime number?
True
Let b(z) = 607*z**3 + 6*z**2 - 45*z + 89. Is b(11) composite?
False
Suppose -3*x - 6*s + 4144 = -2*s, 0 = -x + 5*s + 1375. Let d be (584 - -3)*(-9 - -8). Let h = x + d. Is h prime?
False
Let k be -1 + 36248/12 + (-6)/9. Suppose m + 3*m = -5*h + k, m + h - 756 = 0. Is m prime?
True
Suppose 6735 = m + 4*l, -4*m + 31733 = l + 4808. Is m composite?
True
Suppose 1 = 2*y + 1. Suppose -4*s + 4*s + 2*s = y. Suppose s = 2*t - 3*t + 4*u + 89, 0 = -2*u + 10. Is t composite?
False
Let z(m) = 5*m + 334. Let p be z(0). Let q(r) = -23 + p - 5*r + 128. Is q(0) prime?
True
Let v(k) = k**3 - 15*k**2 - 14*k + 23. Let h be v(16). Let b = -53 + h. Is ((-28)/(-70))/(b/9745) composite?
False
Let v(n) = 3*n**3 + 21*n**2 + 19*n - 1534. Is v(47) a prime number?
False
Let n be (-32)/144 + 0 + (-4)/(-18). Suppose -10*g = -n*g + 280. Let a(z) = z**2 + 21*z - 5. Is a(g) a prime number?
True
Suppose h = -4*b + 41, -2*b + 21 + 10 = -3*h. Let y = -53 + b. Let c = y + 275. Is c a composite number?
False
Suppose -k + 4 = 2*y, -y + 2*y - 4*k - 2 = 0. Let m be 8/4 + (-732)/(6 - y). Let i = 294 + m. Is i a composite number?
False
Is (1*8)/((-120)/(-3401295)) a composite number?
False
Let l = -365 + 358. Let z(c) = -200*c - 23. Let k(t) = -599*t - 69. Let a(r) = -2*k(r) + 7*z(r). Is a(l) a composite number?
True
Is (5 - 6/3)*298190/(-60)*-2 a prime number?
True
Let r(o) = -o**2 - 20*o - 42. Let n = -70 + 53. Let a be r(n). Is (-6)/9 + 1923/a a prime number?
False
Suppose 17*w + 3711314 - 14550055 = 0. Is w a prime number?
True
Let z(w) = 5702 - 5710 - 113*w - 113*w. Is z(-1) prime?
False
Let h(y) = 797*y**2 + 55*y - 637. Is h(-30) a prime number?
False
Let g(v) = 2*v**3 + 7*v**2 - v + 21. Let d(f) = 2*f**3 + f**2 - 2. Let a(j) = 2*d(j) - g(j). Is a(18) composite?
False
Let a(j) = 16*j**3 - 8*j**2 + 2*j. Let c be a(5). Suppose -c = -z + 5583. Is z prime?
True
Is -9 - (-111413 - (-1 + 6)) prime?
True
Suppose 212*k - 8 = 208*k. Is (0/(-2) - 3491)*(-2)/k composite?
False
Suppose 3*a + 113 - 86 = 0. Is (-4)/(-6) - 453/a a prime number?